{"id":10490,"date":"2021-05-21T12:15:25","date_gmt":"2021-05-25T01:27:58","guid":{"rendered":"https:\/\/www.whelkgoods.com\/?post_type=product&#038;p=10490"},"modified":"2026-03-22T10:21:54","modified_gmt":"2026-03-22T14:21:54","slug":"casquette-florale","status":"publish","type":"product","link":"https:\/\/whelkgoods.com\/fr\/produit\/casquette-florale\/","title":{"rendered":"Casquette lavande"},"content":{"rendered":"","protected":false},"excerpt":{"rendered":"<p>Sentir l\u2019odeur de la lavande \u00e0 plein nez, c\u2019est ouvrir ses sens \u00e0 la puret\u00e9, le calme et le silence. Cette plante d\u00e9gage par son ton violet et sa fra\u00eecheur toute la substance d\u2019une vie sereine et ce design \u00e9voque l\u2019importance d\u2019aspirer ses id\u00e9aux et d\u2019appr\u00e9cier les belles choses de la vie. Un beau bouquet de lavande, n\u2019est-ce pas quelque chose de simple, mais tellement beau?<\/p>\n","protected":false},"featured_media":17306,"template":"","meta":[],"product_cat":[206],"product_tag":[],"class_list":{"0":"post-10490","1":"product","2":"type-product","3":"status-publish","4":"has-post-thumbnail","6":"product_cat-casquettes-blutech","8":"first","9":"instock","10":"taxable","11":"shipping-taxable","12":"purchasable","13":"product-type-variable","14":"has-default-attributes"},"yoast_head":"<!-- This site is optimized with the Yoast SEO plugin v23.5 - https:\/\/yoast.com\/wordpress\/plugins\/seo\/ -->\n<title>Casquette lavande - Whelk | Marque qu\u00e9b\u00e9coise<\/title>\n<meta name=\"robots\" content=\"index, follow, max-snippet:-1, max-image-preview:large, max-video-preview:-1\" \/>\n<link rel=\"canonical\" href=\"https:\/\/whelkgoods.com\/fr\/produit\/casquette-florale\/\" \/>\n<meta property=\"og:locale\" content=\"fr_FR\" \/>\n<meta property=\"og:type\" content=\"article\" \/>\n<meta property=\"og:title\" content=\"Casquette lavande - Whelk | Marque qu\u00e9b\u00e9coise\" \/>\n<meta property=\"og:description\" content=\"Sentir l\u2019odeur de la lavande \u00e0 plein nez, c\u2019est ouvrir ses sens \u00e0 la puret\u00e9, le calme et le silence. Cette plante d\u00e9gage par son ton violet et sa fra\u00eecheur toute la substance d\u2019une vie sereine et ce design \u00e9voque l\u2019importance d\u2019aspirer ses id\u00e9aux et d\u2019appr\u00e9cier les belles choses de la vie. Un beau bouquet de lavande, n\u2019est-ce pas quelque chose de simple, mais tellement beau?\" \/>\n<meta property=\"og:url\" content=\"https:\/\/whelkgoods.com\/fr\/produit\/casquette-florale\/\" \/>\n<meta property=\"og:site_name\" content=\"Whelk | Marque qu\u00e9b\u00e9coise\" \/>\n<meta property=\"article:modified_time\" content=\"2026-03-22T14:21:54+00:00\" \/>\n<meta property=\"og:image\" content=\"https:\/\/whelkgoods.com\/wp-content\/uploads\/2025\/03\/MAIN-Lavender.png\" \/>\n\t<meta property=\"og:image:width\" content=\"1000\" \/>\n\t<meta property=\"og:image:height\" content=\"1000\" \/>\n\t<meta property=\"og:image:type\" content=\"image\/png\" \/>\n<meta name=\"twitter:card\" content=\"summary_large_image\" \/>\n<meta name=\"twitter:label1\" content=\"Dur\u00e9e de lecture estim\u00e9e\" \/>\n\t<meta name=\"twitter:data1\" content=\"1 minute\" \/>\n<script type=\"application\/ld+json\" class=\"yoast-schema-graph\">{\"@context\":\"https:\/\/schema.org\",\"@graph\":[{\"@type\":\"WebPage\",\"@id\":\"https:\/\/whelkgoods.com\/fr\/produit\/casquette-florale\/\",\"url\":\"https:\/\/whelkgoods.com\/fr\/produit\/casquette-florale\/\",\"name\":\"Casquette lavande - Whelk | Marque qu\u00e9b\u00e9coise\",\"isPartOf\":{\"@id\":\"https:\/\/whelkgoods.com\/fr\/#website\"},\"primaryImageOfPage\":{\"@id\":\"https:\/\/whelkgoods.com\/fr\/produit\/casquette-florale\/#primaryimage\"},\"image\":{\"@id\":\"https:\/\/whelkgoods.com\/fr\/produit\/casquette-florale\/#primaryimage\"},\"thumbnailUrl\":\"https:\/\/whelkgoods.com\/wp-content\/uploads\/2025\/03\/MAIN-Lavender.png\",\"datePublished\":\"2021-05-25T01:27:58+00:00\",\"dateModified\":\"2026-03-22T14:21:54+00:00\",\"breadcrumb\":{\"@id\":\"https:\/\/whelkgoods.com\/fr\/produit\/casquette-florale\/#breadcrumb\"},\"inLanguage\":\"fr-FR\",\"potentialAction\":[{\"@type\":\"ReadAction\",\"target\":[\"https:\/\/whelkgoods.com\/fr\/produit\/casquette-florale\/\"]}]},{\"@type\":\"ImageObject\",\"inLanguage\":\"fr-FR\",\"@id\":\"https:\/\/whelkgoods.com\/fr\/produit\/casquette-florale\/#primaryimage\",\"url\":\"https:\/\/whelkgoods.com\/wp-content\/uploads\/2025\/03\/MAIN-Lavender.png\",\"contentUrl\":\"https:\/\/whelkgoods.com\/wp-content\/uploads\/2025\/03\/MAIN-Lavender.png\",\"width\":1000,\"height\":1000},{\"@type\":\"BreadcrumbList\",\"@id\":\"https:\/\/whelkgoods.com\/fr\/produit\/casquette-florale\/#breadcrumb\",\"itemListElement\":[{\"@type\":\"ListItem\",\"position\":1,\"name\":\"Home\",\"item\":\"https:\/\/whelkgoods.com\/fr\/accueil\/\"},{\"@type\":\"ListItem\",\"position\":2,\"name\":\"Boutique de casquettes et tuques \u00e9cologiques\",\"item\":\"https:\/\/whelkgoods.com\/fr\/boutique\/\"},{\"@type\":\"ListItem\",\"position\":3,\"name\":\"Casquette lavande\"}]},{\"@type\":\"WebSite\",\"@id\":\"https:\/\/whelkgoods.com\/fr\/#website\",\"url\":\"https:\/\/whelkgoods.com\/fr\/\",\"name\":\"Whelk | Marque qu\u00e9b\u00e9coise\",\"description\":\"Casquettes et tuques \u00e9coresponsables\",\"publisher\":{\"@id\":\"https:\/\/whelkgoods.com\/fr\/#organization\"},\"potentialAction\":[{\"@type\":\"SearchAction\",\"target\":{\"@type\":\"EntryPoint\",\"urlTemplate\":\"https:\/\/whelkgoods.com\/fr\/?s={search_term_string}\"},\"query-input\":{\"@type\":\"PropertyValueSpecification\",\"valueRequired\":true,\"valueName\":\"search_term_string\"}}],\"inLanguage\":\"fr-FR\"},{\"@type\":\"Organization\",\"@id\":\"https:\/\/whelkgoods.com\/fr\/#organization\",\"name\":\"Whelk | Marque qu\u00e9b\u00e9coise\",\"url\":\"https:\/\/whelkgoods.com\/fr\/\",\"logo\":{\"@type\":\"ImageObject\",\"inLanguage\":\"fr-FR\",\"@id\":\"https:\/\/whelkgoods.com\/fr\/#\/schema\/logo\/image\/\",\"url\":\"https:\/\/whelkgoods.com\/wp-content\/uploads\/2023\/08\/Whelk-Goods-Logo.png\",\"contentUrl\":\"https:\/\/whelkgoods.com\/wp-content\/uploads\/2023\/08\/Whelk-Goods-Logo.png\",\"width\":750,\"height\":253,\"caption\":\"Whelk | Marque qu\u00e9b\u00e9coise\"},\"image\":{\"@id\":\"https:\/\/whelkgoods.com\/fr\/#\/schema\/logo\/image\/\"}}]}<\/script>\n<!-- \/ Yoast SEO plugin. -->","yoast_head_json":{"title":"Casquette lavande - Whelk | Marque qu\u00e9b\u00e9coise","robots":{"index":"index","follow":"follow","max-snippet":"max-snippet:-1","max-image-preview":"max-image-preview:large","max-video-preview":"max-video-preview:-1"},"canonical":"https:\/\/whelkgoods.com\/fr\/produit\/casquette-florale\/","og_locale":"fr_FR","og_type":"article","og_title":"Casquette lavande - Whelk | Marque qu\u00e9b\u00e9coise","og_description":"Sentir l\u2019odeur de la lavande \u00e0 plein nez, c\u2019est ouvrir ses sens \u00e0 la puret\u00e9, le calme et le silence. Cette plante d\u00e9gage par son ton violet et sa fra\u00eecheur toute la substance d\u2019une vie sereine et ce design \u00e9voque l\u2019importance d\u2019aspirer ses id\u00e9aux et d\u2019appr\u00e9cier les belles choses de la vie. Un beau bouquet de lavande, n\u2019est-ce pas quelque chose de simple, mais tellement beau?","og_url":"https:\/\/whelkgoods.com\/fr\/produit\/casquette-florale\/","og_site_name":"Whelk | Marque qu\u00e9b\u00e9coise","article_modified_time":"2026-03-22T14:21:54+00:00","og_image":[{"width":1000,"height":1000,"url":"https:\/\/whelkgoods.com\/wp-content\/uploads\/2025\/03\/MAIN-Lavender.png","type":"image\/png"}],"twitter_card":"summary_large_image","twitter_misc":{"Dur\u00e9e de lecture estim\u00e9e":"1 minute"},"schema":{"@context":"https:\/\/schema.org","@graph":[{"@type":"WebPage","@id":"https:\/\/whelkgoods.com\/fr\/produit\/casquette-florale\/","url":"https:\/\/whelkgoods.com\/fr\/produit\/casquette-florale\/","name":"Casquette lavande - Whelk | Marque qu\u00e9b\u00e9coise","isPartOf":{"@id":"https:\/\/whelkgoods.com\/fr\/#website"},"primaryImageOfPage":{"@id":"https:\/\/whelkgoods.com\/fr\/produit\/casquette-florale\/#primaryimage"},"image":{"@id":"https:\/\/whelkgoods.com\/fr\/produit\/casquette-florale\/#primaryimage"},"thumbnailUrl":"https:\/\/whelkgoods.com\/wp-content\/uploads\/2025\/03\/MAIN-Lavender.png","datePublished":"2021-05-25T01:27:58+00:00","dateModified":"2026-03-22T14:21:54+00:00","breadcrumb":{"@id":"https:\/\/whelkgoods.com\/fr\/produit\/casquette-florale\/#breadcrumb"},"inLanguage":"fr-FR","potentialAction":[{"@type":"ReadAction","target":["https:\/\/whelkgoods.com\/fr\/produit\/casquette-florale\/"]}]},{"@type":"ImageObject","inLanguage":"fr-FR","@id":"https:\/\/whelkgoods.com\/fr\/produit\/casquette-florale\/#primaryimage","url":"https:\/\/whelkgoods.com\/wp-content\/uploads\/2025\/03\/MAIN-Lavender.png","contentUrl":"https:\/\/whelkgoods.com\/wp-content\/uploads\/2025\/03\/MAIN-Lavender.png","width":1000,"height":1000},{"@type":"BreadcrumbList","@id":"https:\/\/whelkgoods.com\/fr\/produit\/casquette-florale\/#breadcrumb","itemListElement":[{"@type":"ListItem","position":1,"name":"Home","item":"https:\/\/whelkgoods.com\/fr\/accueil\/"},{"@type":"ListItem","position":2,"name":"Boutique de casquettes et tuques \u00e9cologiques","item":"https:\/\/whelkgoods.com\/fr\/boutique\/"},{"@type":"ListItem","position":3,"name":"Casquette lavande"}]},{"@type":"WebSite","@id":"https:\/\/whelkgoods.com\/fr\/#website","url":"https:\/\/whelkgoods.com\/fr\/","name":"Whelk | Marque qu\u00e9b\u00e9coise","description":"Casquettes et tuques \u00e9coresponsables","publisher":{"@id":"https:\/\/whelkgoods.com\/fr\/#organization"},"potentialAction":[{"@type":"SearchAction","target":{"@type":"EntryPoint","urlTemplate":"https:\/\/whelkgoods.com\/fr\/?s={search_term_string}"},"query-input":{"@type":"PropertyValueSpecification","valueRequired":true,"valueName":"search_term_string"}}],"inLanguage":"fr-FR"},{"@type":"Organization","@id":"https:\/\/whelkgoods.com\/fr\/#organization","name":"Whelk | Marque qu\u00e9b\u00e9coise","url":"https:\/\/whelkgoods.com\/fr\/","logo":{"@type":"ImageObject","inLanguage":"fr-FR","@id":"https:\/\/whelkgoods.com\/fr\/#\/schema\/logo\/image\/","url":"https:\/\/whelkgoods.com\/wp-content\/uploads\/2023\/08\/Whelk-Goods-Logo.png","contentUrl":"https:\/\/whelkgoods.com\/wp-content\/uploads\/2023\/08\/Whelk-Goods-Logo.png","width":750,"height":253,"caption":"Whelk | Marque qu\u00e9b\u00e9coise"},"image":{"@id":"https:\/\/whelkgoods.com\/fr\/#\/schema\/logo\/image\/"}}]}},"_links":{"self":[{"href":"https:\/\/whelkgoods.com\/fr\/wp-json\/wp\/v2\/product\/10490"}],"collection":[{"href":"https:\/\/whelkgoods.com\/fr\/wp-json\/wp\/v2\/product"}],"about":[{"href":"https:\/\/whelkgoods.com\/fr\/wp-json\/wp\/v2\/types\/product"}],"wp:featuredmedia":[{"embeddable":true,"href":"https:\/\/whelkgoods.com\/fr\/wp-json\/wp\/v2\/media\/17306"}],"wp:attachment":[{"href":"https:\/\/whelkgoods.com\/fr\/wp-json\/wp\/v2\/media?parent=10490"}],"wp:term":[{"taxonomy":"product_cat","embeddable":true,"href":"https:\/\/whelkgoods.com\/fr\/wp-json\/wp\/v2\/product_cat?post=10490"},{"taxonomy":"product_tag","embeddable":true,"href":"https:\/\/whelkgoods.com\/fr\/wp-json\/wp\/v2\/product_tag?post=10490"}],"curies":[{"name":"wp","href":"https:\/\/api.w.org\/{rel}","templated":true}]}}

<p>Sentir l’odeur de la lavande à plein nez, c’est ouvrir ses sens à la pureté, le calme et le silence. Cette plante dégage par son ton violet et sa fraîcheur toute la substance d’une vie sereine et ce design évoque l’importance d’aspirer ses idéaux et d’apprécier les belles choses de la vie. Un beau bouquet de lavande, n’est-ce pas quelque chose de simple, mais tellement beau?</p>

<!-- This site is optimized with the Yoast SEO plugin v23.5 - https://yoast.com/wordpress/plugins/seo/ -->
<title>Casquette lavande - Whelk | Marque québécoise</title>
<meta name="robots" content="index, follow, max-snippet:-1, max-image-preview:large, max-video-preview:-1" />
<link rel="canonical" href="https://whelkgoods.com/fr/produit/casquette-florale/" />
<meta property="og:locale" content="fr_FR" />
<meta property="og:type" content="article" />
<meta property="og:title" content="Casquette lavande - Whelk | Marque québécoise" />
<meta property="og:description" content="Sentir l’odeur de la lavande à plein nez, c’est ouvrir ses sens à la pureté, le calme et le silence. Cette plante dégage par son ton violet et sa fraîcheur toute la substance d’une vie sereine et ce design évoque l’importance d’aspirer ses idéaux et d’apprécier les belles choses de la vie. Un beau bouquet de lavande, n’est-ce pas quelque chose de simple, mais tellement beau?" />
<meta property="og:url" content="https://whelkgoods.com/fr/produit/casquette-florale/" />
<meta property="og:site_name" content="Whelk | Marque québécoise" />
<meta property="article:modified_time" content="2026-03-22T14:21:54+00:00" />
<meta property="og:image" content="https://whelkgoods.com/wp-content/uploads/2025/03/MAIN-Lavender.png" />
	<meta property="og:image:width" content="1000" />
	<meta property="og:image:height" content="1000" />
	<meta property="og:image:type" content="image/png" />
<meta name="twitter:card" content="summary_large_image" />
<meta name="twitter:label1" content="Durée de lecture estimée" />
	<meta name="twitter:data1" content="1 minute" />
<script type="application/ld+json" class="yoast-schema-graph">{"@context":"https://schema.org","@graph":[{"@type":"WebPage","@id":"https://whelkgoods.com/fr/produit/casquette-florale/","url":"https://whelkgoods.com/fr/produit/casquette-florale/","name":"Casquette lavande - Whelk | Marque québécoise","isPartOf":{"@id":"https://whelkgoods.com/fr/#website"},"primaryImageOfPage":{"@id":"https://whelkgoods.com/fr/produit/casquette-florale/#primaryimage"},"image":{"@id":"https://whelkgoods.com/fr/produit/casquette-florale/#primaryimage"},"thumbnailUrl":"https://whelkgoods.com/wp-content/uploads/2025/03/MAIN-Lavender.png","datePublished":"2021-05-25T01:27:58+00:00","dateModified":"2026-03-22T14:21:54+00:00","breadcrumb":{"@id":"https://whelkgoods.com/fr/produit/casquette-florale/#breadcrumb"},"inLanguage":"fr-FR","potentialAction":[{"@type":"ReadAction","target":["https://whelkgoods.com/fr/produit/casquette-florale/"]}]},{"@type":"ImageObject","inLanguage":"fr-FR","@id":"https://whelkgoods.com/fr/produit/casquette-florale/#primaryimage","url":"https://whelkgoods.com/wp-content/uploads/2025/03/MAIN-Lavender.png","contentUrl":"https://whelkgoods.com/wp-content/uploads/2025/03/MAIN-Lavender.png","width":1000,"height":1000},{"@type":"BreadcrumbList","@id":"https://whelkgoods.com/fr/produit/casquette-florale/#breadcrumb","itemListElement":[{"@type":"ListItem","position":1,"name":"Home","item":"https://whelkgoods.com/fr/accueil/"},{"@type":"ListItem","position":2,"name":"Boutique de casquettes et tuques écologiques","item":"https://whelkgoods.com/fr/boutique/"},{"@type":"ListItem","position":3,"name":"Casquette lavande"}]},{"@type":"WebSite","@id":"https://whelkgoods.com/fr/#website","url":"https://whelkgoods.com/fr/","name":"Whelk | Marque québécoise","description":"Casquettes et tuques écoresponsables","publisher":{"@id":"https://whelkgoods.com/fr/#organization"},"potentialAction":[{"@type":"SearchAction","target":{"@type":"EntryPoint","urlTemplate":"https://whelkgoods.com/fr/?s={search_term_string}"},"query-input":{"@type":"PropertyValueSpecification","valueRequired":true,"valueName":"search_term_string"}}],"inLanguage":"fr-FR"},{"@type":"Organization","@id":"https://whelkgoods.com/fr/#organization","name":"Whelk | Marque québécoise","url":"https://whelkgoods.com/fr/","logo":{"@type":"ImageObject","inLanguage":"fr-FR","@id":"https://whelkgoods.com/fr/#/schema/logo/image/","url":"https://whelkgoods.com/wp-content/uploads/2023/08/Whelk-Goods-Logo.png","contentUrl":"https://whelkgoods.com/wp-content/uploads/2023/08/Whelk-Goods-Logo.png","width":750,"height":253,"caption":"Whelk | Marque québécoise"},"image":{"@id":"https://whelkgoods.com/fr/#/schema/logo/image/"}}]}</script>
<!-- / Yoast SEO plugin. -->

Casquette lavande - Whelk | Marque québécoise

Sentir l’odeur de la lavande à plein nez, c’est ouvrir ses sens à la pureté, le calme et le silence. Cette plante dégage par son ton violet et sa fraîcheur toute la substance d’une vie sereine et ce design évoque l’importance d’aspirer ses idéaux et d’apprécier les belles choses de la vie. Un beau bouquet de lavande, n’est-ce pas quelque chose de simple, mais tellement beau?

Whelk | Marque québécoise

Boutique de casquettes et tuques écologiques

Casquettes et tuques écoresponsables
